{"id":270,"date":"2021-03-23T10:33:36","date_gmt":"2021-03-23T09:33:36","guid":{"rendered":"https:\/\/www.gotokajak.pl\/index.php\/mesmerize\/"},"modified":"2025-03-19T00:08:57","modified_gmt":"2025-03-18T23:08:57","slug":"mesmerize","status":"publish","type":"page","link":"https:\/\/www.gotokajak.pl\/","title":{"rendered":"Front Page"},"content":{"rendered":"<div data-label=\"Features\" data-id=\"features--1\" data-export-id=\"features-12\" data-category=\"features\" class=\"features-12 content-section content-section-spacing \" id=\"features-4\"  style=\"background-color: rgb(245, 250, 253);\"><div class=\"gridContainer\" > <div class=\"row text-center\" ><div class=\"section-title-col\" data-type=\"column\" > <h2 class=\"\" >Kajaki Nida &#8211; wybierz swoj\u0105 opcj\u0119<\/h2> <p class=\"lead\" >Zastanawiasz si\u0119 gdzie na kajaki w \u015awi\u0119tokrzyskim, w Kielcach?\n<br ><br >P\u0142ywanie kajakiem to idealny spos\u00f3b na relaks i kontakt z natur\u0105. Dzi\u0119ki \u0142atwo\u015bci obs\u0142ugi kajaka, ka\u017cdy mo\u017ce cieszy\u0107 si\u0119 spokojnym p\u0142ywaniem po wodzie, podziwiaj\u0105c malownicze widoki i delektuj\u0105c si\u0119 cisz\u0105. To doskona\u0142a forma aktywnego wypoczynku!\n<br ><br >Wybierz opcj\u0119 sp\u0142ywu najlepsz\u0105 dla siebie!<\/p><\/div> <\/div> <div class=\"row spaced-cols\" data-type=\"row\" > <div class=\"col-sm-6\" > <div class=\"row space-bottom\" > <div class=\"col-sm-fit icon-column\" > <i class=\"fa icon color2 fa-child\" ><\/i> <\/div> <div class=\"col-sm\" data-type=\"column\" > <h5 class=\"color2\" >OPCJA 1 &#8211; trasa \u0142atwa<\/h5> <p class=\"\" >Sp\u0142yw rodzinny z dzie\u0107mi to doskona\u0142a okazja do wsp\u00f3lnego sp\u0119dzenia czasu na \u0142onie natury. Wybrali\u015bmy naj\u0142agodniejszy fragment rzeki, kt\u00f3ry jest idealny dla ma\u0142ych dzieci i pocz\u0105tkuj\u0105cych kajakarzy. \n<br ><br >Trasa jest spokojna, dzi\u0119ki czemu rodzice mog\u0105 by\u0107 pewni, \u017ce ich pociechy b\u0119d\u0105 si\u0119 dobrze bawi\u0107. Poni\u017csza opcja to tak\u017ce doskona\u0142a okazja do nauki i rozwijania umiej\u0119tno\u015bci wios\u0142owania. Podczas sp\u0142ywu mo\u017cna podziwia\u0107 pi\u0119kne widoki, kt\u00f3re zachwyc\u0105 zar\u00f3wno doros\u0142ych, jak i dzieci.<br ><br >Malownicze krajobrazy, \u015bpiew ptak\u00f3w i szum wody tworz\u0105 niezapomnian\u0105 atmosfer\u0119. Dodatkowo, na trasie znajduj\u0105 si\u0119 miejsca, gdzie mo\u017cna zrobi\u0107 przerw\u0119 i odpocz\u0105\u0107.\n<br >\n<br >Czas sp\u0142ywu: ok 1 godz\n<br ><\/p><\/div> <\/div><\/div> <div class=\"col-sm-6\" ><div class=\"row space-bottom\" > <div class=\"col-sm-fit icon-column\" ><i class=\"fa icon color2 fa-angellist bordered round\" ><\/i><\/div> <div class=\"col-sm\" data-type=\"column\" ><h5 class=\"color2\" >OPCJA 2 &#8211; trasa ciekawa<\/h5> <p class=\"\" >Kolejna trasa, kt\u00f3r\u0105 proponujemy, jest idealna tak\u017ce dla pocz\u0105tkuj\u0105cych kajakarzy, co wielokrotnie sprawdzili\u015bmy. Na pocz\u0105tku sp\u0142ywu napotkasz kilka przeszk\u00f3d, kt\u00f3re mo\u017cna \u0142atwo omin\u0105\u0107, co dodaje odrobin\u0119 emocji i sprawia, \u017ce sp\u0142yw staje si\u0119 ciekawszy. Po pokonaniu tych przeszk\u00f3d, rzeka staje si\u0119 bardziej rekreacyjna, pozwalaj\u0105c na pe\u0142ne oddanie si\u0119 leniwemu nurtowi rzeki.<br ><br >Rzeka p\u0142ynie spokojnie, a jej malownicze zakola oferuj\u0105 pi\u0119kne widoki, kt\u00f3re zachwyc\u0105 ka\u017cdego uczestnika. Na trasie znajduje si\u0119 wiele miejsc, gdzie mo\u017cna zrobi\u0107 przerw\u0119, odpocz\u0105\u0107 i cieszy\u0107 si\u0119 otaczaj\u0105c\u0105 natur\u0105. To doskona\u0142a okazja do pikniku, relaksu i podziwiania urok\u00f3w przyrody.<br ><br >Trasa jest bardzo polecana ze wzgl\u0119du na swoj\u0105 urokliwo\u015b\u0107 i dost\u0119pno\u015b\u0107 dla os\u00f3b o r\u00f3\u017cnym poziomie do\u015bwiadczenia.&nbsp;<br >\n<br >Czas sp\u0142ywu: ok 3 godz<\/p><\/div> <\/div><\/div> <div class=\"col-sm-6\" ><div class=\"row space-bottom\" > <div class=\"col-sm-fit icon-column\" ><i class=\"fa icon color2 fa-pied-piper-alt bordered round\" ><\/i><\/div> <div class=\"col-sm\" data-type=\"column\" ><h5 class=\"color2\" >OPCJA 3 &#8211; dystans i przygoda<\/h5> <p class=\"\" >Poni\u017csz\u0105 opcj\u0119, mo\u017cna dostosowa\u0107 do w\u0142asnych potrzeb, ale jedno jest pewne \u2013 po sp\u0142ywie b\u0119dzie o czym opowiada\u0107! Nie potrzeba du\u017cego do\u015bwiadczenia, aby przep\u0142yn\u0105\u0107 t\u0119 tras\u0119 \u2013 wystarcz\u0105 ch\u0119ci i odrobina zapa\u0142u.<br ><br >Proponowany fragment rzeki w tym miejscu oferuje niesamowit\u0105 r\u00f3\u017cnorodno\u015b\u0107. Na trasiw napotkasz lekkie bystrza, kt\u00f3re dodadz\u0105 odrobin\u0119 adrenaliny, a tak\u017ce przep\u0142yniesz do leniwych fragment\u00f3w, gdzie mo\u017cna si\u0119 zrelaksowa\u0107 i odda\u0107 spokojnemu nurtowi. Trasa prowadzi przez malownicze lasy, a tak\u017ce miejsca o wyj\u0105tkowych walorach widokowych, kt\u00f3re zachwyc\u0105 ka\u017cdego mi\u0142o\u015bnika przyrody.<br ><br >Czas sp\u0142ywu wynosi od 3 do 4 godzin, co pozwala na pe\u0142ne cieszenie si\u0119 urokami rzeki i otaczaj\u0105cej przyrody. To idealna propozycja na aktywny wypoczynek, kt\u00f3ry dostarczy niezapomnianych wra\u017ce\u0144 i pi\u0119knych wspomnie\u0144.<\/p><\/div> <\/div><\/div>  <div class=\"col-sm-6\" > <div class=\"row space-bottom\" > <div class=\"col-sm-fit icon-column\" > <i class=\"fa icon color2 fa-tint\" ><\/i> <\/div> <div class=\"col-sm\" data-type=\"column\" > <h5 class=\"color2\" >OPCJA 4<span style=\"letter-spacing: 0.14rem; font-size: 16px;\" >&nbsp;<\/span><span style=\"letter-spacing: 0.14rem; font-size: 16px;\" >&nbsp;&#8211; inne miejsca<\/span><\/h5> <p class=\"\" >Oferujemy r\u00f3wnie\u017c opcj\u0119 dowozu kajak\u00f3w w r\u00f3\u017cne nietypowe miejsca, takie jak jeziora, zalewy i inne malownicze akweny. \n<br ><br >To doskona\u0142a propozycja, kt\u00f3ra daje wiele mo\u017cliwo\u015bci podczas imprez grupowych, takich jak urodziny, spotkania przyjaci\u00f3\u0142 czy inne wyj\u0105tkowe okazje. \n<br ><br >Dzi\u0119ki tej opcji mo\u017cesz cieszy\u0107 si\u0119 kajakowaniem w dowolnym miejscu, kt\u00f3re wybierzesz, co sprawia, \u017ce ka\u017cda impreza staje si\u0119 niezapomnian\u0105 przygod\u0105 na wodzie.<\/p><\/div> <\/div><\/div><\/div><\/div> <\/div><div  id=\"about-1\" class=\"about-1 content-section\" style=\"background-color: #f5fafd;\" data-label=\"About\" data-id=\"about-1\" data-export-id=\"about-1\" data-category=\"about\">\n<div  class=\"gridContainer\">\n<div  class=\"row text-center\">\n<div  class=\"section-title-col\" data-type=\"column\">\n<h5  class=\"\">Nie wiesz jak si\u0119 przygotowa\u0107 na sp\u0142yw?<\/h5>\n<h2  class=\"\">Co zabra\u0107 na sp\u0142yw kajakowy:<\/h2>\n<p  class=\"lead\">Odzie\u017c:<br ><br >Wygodne, szybkoschn\u0105ce ubrania<br >Str\u00f3j k\u0105pielowy<br >Kapelusz lub czapka z daszkiem!<br >Kurtka przeciwdeszczowa<br >\n<br ><br >Obuwie:\n<br ><br >Wodoodporne buty lub trampki, kt\u00f3re mo\u017cna zamoczy\u0107 &#8211; nigdy nie wiadomo co jest na dnie rzeki.\n<br >Obuwie wi\u0105zane jest lepszym wyj\u015bciem ni\u017c go\u0142a stopa lub sanda\u0142y.<br ><br ><br >Ochrona przed s\u0142o\u0144cem:<br ><br >Krem z filtrem UV<br >Okulary przeciws\u0142oneczne\n<br ><br >Sprz\u0119t:<br ><br >Kamizelka ratunkowa (zapewniamy)<br >Wodoodporne worki na rzeczy osobiste\n<br ><br >Prowiant:<br ><br >Woda do picia<br >Przek\u0105ski (batony energetyczne, owoce)\n<br ><br >Dodatkowe akcesoria:<br ><br >R\u0119cznik<br >Telefon kom\u00f3rkowy w wodoodpornym etui<\/p>\n\n<\/div>\n<\/div>\n<div  class=\"row\">\n<div  class=\"button-holder space-bottom space-bottom-small\" data-type=\"column\"><a  class=\"button color1\" href=\"#contact\" target=\"_self\" rel=\"noopener\" data-cp-link=\"1\">zarezerwuj sw\u00f3j sp\u0142yw<\/a><\/div>\n<div  class=\"col-xs bottom-xs flexbox image-group-bottom-3-img space-bottom-xs center-xs\"><img  decoding=\"async\" class=\"left-img shadow-large-black\" title=\"cropped-devon-divine-fYMcmGrRuCk-unsplash-scaled-1.jpg\" src=\"http:\/\/www.gotokajak.pl\/wp-content\/uploads\/2021\/03\/cropped-devon-divine-fYMcmGrRuCk-unsplash-scaled-1.jpg\" alt=\"\" data-size=\"500x300\"> <img  decoding=\"async\" class=\"center-img shadow-large-black\" title=\"cropped-logo-obrazek-biale-tlo-1.png\" src=\"http:\/\/www.gotokajak.pl\/wp-content\/uploads\/2021\/03\/cropped-logo-obrazek-biale-tlo-1.png\" alt=\"\" data-size=\"500x300\"> <img  decoding=\"async\" class=\"right-img shadow-large-black\" title=\"olena-sergienko-0H39XNmLbcs-unsplash\" src=\"http:\/\/www.gotokajak.pl\/wp-content\/uploads\/2021\/03\/cropped-olena-sergienko-0H39XNmLbcs-unsplash-scaled-1.jpg\" alt=\"\" data-size=\"500x300\"><\/div>\n<\/div>\n<\/div>\n<\/div><div  id=\"nasza-zespol\" class=\"team-2 content-section content-section-spacing\" style=\"background-color: #ffffff; background-image: none;\" data-label=\"Nasza zespol\" data-id=\"team-2\" data-export-id=\"team-2\" data-category=\"team\">\n<div  class=\"gridContainer\">\n<div  class=\"row text-center\">\n<div  class=\"section-title-col\" data-type=\"column\">\n<h2  class=\"\">Nasz zesp\u00f3\u0142<\/h2>\n<p  class=\"lead\">Kajaki to nasza pasja, kt\u00f3r\u0105 chcemy si\u0119 z Wami dzieli\u0107. Postanowili\u015bmy wykorzysta\u0107 nasze do\u015bwiadczenia zebrane na polskich rzekach podczas licznych kajakowych wypraw. Sp\u0142ywy jednodniowe oraz wielodniowe nie s\u0105 nam obce, podobnie jak sp\u0142ywy kajakowe indywidualne oraz grupowe po Nidzie.<\/p>\nMo\u017cemy si\u0119 pochwali\u0107 m.in.. sp\u0142ywem ca\u0142ej Wis\u0142y (942 km), p\u0142ywaniem po Ba\u0142tyku oraz naszej ukochanej Nidzie \u2013 nie tylko latem, ale tak\u017ce zim\u0105 przy temperaturze -8 stopni.\n\nNasze do\u015bwiadczenie gwarantuje udany sp\u0142yw!\n\n<\/div>\n<\/div>\n<div  class=\"row spaced-cols content-center-sm center-sm\" data-type=\"row\">\n<div  class=\"col-sm-6 col-md-3\">\n<div  class=\"card y-move no-padding bordered\">\n<div  class=\"col-padding-small col-padding-small-xs description-container\" data-type=\"column\">\n<h4  class=\"font-500\">Marcin<\/h4>\n<div  class=\"social-icons-group\" data-type=\"group\"><\/div>\n<a  class=\"\" href=\"#\" data-cp-link=\"1\" target=\"_self\" rel=\"noopener\"><img  decoding=\"async\" class=\"custom-image\" title=\"New Project (2)\" src=\"http:\/\/www.gotokajak.pl\/wp-content\/uploads\/2021\/03\/New-Project-2.png\" alt=\"GoToKajak.pl Marcin\"><\/a>\n\n\n<\/div>\n<\/div>\n<\/div>\n<div  class=\"col-sm-6 col-md-3\">\n<div  class=\"card y-move no-padding bordered\">\n<div  class=\"col-padding-small col-padding-small-xs description-container\" data-type=\"column\">\n<h4  class=\"font-500\">Tomek<\/h4>\n<div  class=\"social-icons-group\" data-type=\"group\"><\/div>\n<img  decoding=\"async\" class=\"custom-image\" title=\"Tomek kajak\" src=\"http:\/\/www.gotokajak.pl\/wp-content\/uploads\/2021\/03\/cropped-New-Project-3.png\" alt=\"GoToKajak.pl Tomek\">\n\n<\/div>\n<\/div>\n<\/div>\n<\/div>\n<\/div>\n<\/div><div data-label=\"Contact\" data-id=\"contact--1\" data-export-id=\"contact-1\" data-category=\"contact\" class=\"contact-1 content-section content-section-spacing white-text\" data-parallax-depth=\"20\" id=\"contact-1\"  style=\"background-color: rgb(245, 250, 253);\"><div class=\"gridContainer\" > <div class=\"row text-center\" ><div class=\"section-title-col\" data-type=\"column\" > <h2 class=\"\" >Kontakt<\/h2> <p class=\"lead\" >Zapraszamy do kontaktu&nbsp;+48 660 677 664<\/p><\/div> <\/div> <div class=\"row text-center\" > <div class=\"col-xs-12 col-sm-8 col-sm-offset-2 contact-form-wrapper inline-info\" > <div class=\"card large-padding\" > <div class=\"\" data-content-shortcode=\"mesmerize_contact_form\" data-editable=\"true\" ><p style=\"text-align:center;color:#ababab\">Contact form will be displayed here. To activate it you have to set the \"contact form shortcode\" parameter in Customizer.<\/p><\/div><\/div> <\/div><\/div> <\/div><\/div>","protected":false},"excerpt":{"rendered":"<p>Kajaki Nida &#8211; wybierz swoj\u0105 opcj\u0119 Zastanawiasz si\u0119 gdzie na kajaki w \u015awi\u0119tokrzyskim, w Kielcach? P\u0142ywanie kajakiem to idealny spos\u00f3b na relaks i kontakt z natur\u0105. Dzi\u0119ki \u0142atwo\u015bci obs\u0142ugi kajaka, ka\u017cdy mo\u017ce cieszy\u0107 si\u0119 spokojnym p\u0142ywaniem po wodzie, podziwiaj\u0105c malownicze widoki i delektuj\u0105c si\u0119 cisz\u0105. To doskona\u0142a forma aktywnego wypoczynku! Wybierz opcj\u0119 sp\u0142ywu najlepsz\u0105 dla&hellip; <br \/> <a class=\"read-more\" href=\"https:\/\/www.gotokajak.pl\/\">Dowiedz si\u0119 wi\u0119cej<\/a><\/p>\n","protected":false},"author":1,"featured_media":0,"parent":0,"menu_order":0,"comment_status":"closed","ping_status":"closed","template":"","meta":{"footnotes":""},"class_list":["post-270","page","type-page","status-publish","hentry"],"_links":{"self":[{"href":"https:\/\/www.gotokajak.pl\/index.php\/wp-json\/wp\/v2\/pages\/270","targetHints":{"allow":["GET"]}}],"collection":[{"href":"https:\/\/www.gotokajak.pl\/index.php\/wp-json\/wp\/v2\/pages"}],"about":[{"href":"https:\/\/www.gotokajak.pl\/index.php\/wp-json\/wp\/v2\/types\/page"}],"author":[{"embeddable":true,"href":"https:\/\/www.gotokajak.pl\/index.php\/wp-json\/wp\/v2\/users\/1"}],"replies":[{"embeddable":true,"href":"https:\/\/www.gotokajak.pl\/index.php\/wp-json\/wp\/v2\/comments?post=270"}],"version-history":[{"count":50,"href":"https:\/\/www.gotokajak.pl\/index.php\/wp-json\/wp\/v2\/pages\/270\/revisions"}],"predecessor-version":[{"id":544,"href":"https:\/\/www.gotokajak.pl\/index.php\/wp-json\/wp\/v2\/pages\/270\/revisions\/544"}],"wp:attachment":[{"href":"https:\/\/www.gotokajak.pl\/index.php\/wp-json\/wp\/v2\/media?parent=270"}],"curies":[{"name":"wp","href":"https:\/\/api.w.org\/{rel}","templated":true}]}}